753 composite?
True
Is 112351 composite?
True
Is 28421 a prime number?
False
Is 1735 a composite number?
True
Is 33443 composite?
True
Is 1709 composite?
False
Is 4893377 composite?
False
Is 37849 composite?
True
Is 8579 prime?
False
Is 1015349 a composite number?
False
Is 3707 composite?
True
Is 32677 composite?
True
Is 91705 prime?
False
Is 12601 a prime number?
True
Is 42374 a composite number?
True
Is 367 a composite number?
False
Is 38389 prime?
False
Is 153193 a composite number?
True
Is 43697 prime?
False
Is 1792753 a prime number?
True
Is 1097 a prime number?
True
Is 152519 a prime number?
True
Is 211 a prime number?
True
Is 9667 composite?
True
Is 91099 prime?
True
Is 11027 prime?
True
Is 4796621 composite?
False
Is 24133 prime?
True
Is 68111 a composite number?
False
Is 44249 a composite number?
False
Is 5549 composite?
True
Is 2819 a prime number?
True
Is 7709 prime?
False
Is 251509 a composite number?
True
Is 12113 a composite number?
False
Is 435221 composite?
False
Is 2746 a prime number?
False
Is 4907 composite?
True
Is 134773 prime?
False
Is 73819 prime?
True
Is 82457 a composite number?
False
Is 91109 a prime number?
False
Is 89689 a composite number?
False
Is 4813511 prime?
True
Is 3802 prime?
False
Is 317 prime?
True
Is 11927 composite?
False
Is 184441 a composite number?
False
Is 204707 composite?
False
Is 60601 a prime number?
True
Is 134983 composite?
True
Is 11579 a composite number?
False
Is 52189 composite?
False
Is 283889 prime?
False
Is 34189 a composite number?
True
Is 6217 a prime number?
True
Is 1115189 composite?
False
Is 3418 a prime number?
False
Is 279311 composite?
False
Is 539621 prime?
True
Is 317123 composite?
False
Is 23234 composite?
True
Is 5737 a composite number?
False
Is 11981 prime?
True
Is 223903 composite?
False
Is 1481 prime?
True
Is 347471 composite?
True
Is 401407 prime?
True
Is 215889 a prime number?
False
Is 4709099 a composite number?
False
Is 53 prime?
True
Is 584303 prime?
True
Is 10651 prime?
True
Is 3817 a prime number?
False
Is 239179 a composite number?
False
Is 521483 composite?
False
Is 22319 a composite number?
True
Is 26777 a composite number?
False
Is 1191899 a composite number?
False
Is 2027143 a prime number?
False
Is 69427 prime?
True
Is 2105327 a prime number?
False
Is 131483 composite?
True
Is 8158 a prime number?
False
Is 10673 a prime number?
False
Is 255401 composite?
True
Is 209143 a prime number?
False
Is 78079 a composite number?
False
Is 189547 prime?
True
Is 103511 composite?
False
Is 60859 prime?
True
Is 20199 composite?
True
Is 15305 a composite number?
True
Is 13214 composite?
True
Is 84097 a prime number?
False
Is 113137 a composite number?
True
Is 32099 composite?
False
Is 27829 composite?
True
Is 55907 composite?
True
Is 1144463 composite?
True
Is 1022113 a prime number?
True
Is 311511 a prime number?
False
Is 4547 a prime number?
True
Is 21419 a composite number?
False
Is 83299 prime?
True
Is 103643 a prime number?
True
Is 16367 composite?
True
Is 413 composite?
True
Is 17729 composite?
False
Is 273794 a composite number?
True
Is 57313 a prime number?
False
Is 929831 prime?
False
Is 381841 prime?
True
Is 105437 composite?
False
Is 40861 composite?
True
Is 731517 a prime number?
False
Is 46601 composite?
False
Is 24253 prime?
False
Is 3319 prime?
True
Is 21647 composite?
False
Is 3181 a prime number?
True
Is 242989 prime?
True
Is 512403 a composite number?
True
Is 2629 prime?
False
Is 20269 a prime number?
True
Is 1491817 a composite number?
True
Is 302801 prime?
True
Is 990089 a prime number?
False
Is 751 a prime number?
True
Is 6823 a composite number?
False
Is 235678 a prime number?
False
Is 1110343 a composite number?
True
Is 60077 prime?
True
Is 10079 prime?
True
Is 43421 composite?
True
Is 6119 a composite number?
True
Is 10651 a prime number?
True
Is 3709 a composite number?
False
Is 53 a composite number?
False
Is 7081 a prime number?
False
Is 72577 composite?
False
Is 14777 composite?
True
Is 1334431 a composite number?
True
Is 16106 a composite number?
True
Is 33805 a prime number?
False
Is 95871 a composite number?
True
Is 61331 composite?
False
Is 8321 a prime number?
False
Is 2411 a composite number?
False
Is 705197 composite?
False
Is 839 prime?
True
Is 90787 composite?
False
Is 2327 a composite number?
True
Is 476101 composite?
False
Is 5389 composite?
True
Is 757481 a composite number?
False
Is 691 prime?
True
Is 42815 composite?
True
Is 97891 a composite number?
True
Is 28463 composite?
False
Is 495265 composite?
True
Is 51451 a composite number?
True
Is 127 prime?
True
Is 7393 a composite number?
False
Is 923 a prime number?
False
Is 28687 a prime number?
True
Is 4667393 composite?
False
Is 80849 composite?
False
Is 43723 a composite number?
True
Is 1835 prime?
False
Is 72307 a composite number?
False
Is 2153 prime?
True
Is 236173 prime?
False
Is 65761 a prime number?
True
Is 3337 prime?
False
Is 3137 a composite number?
False
Is 104579 a composite number?
False
Is 1117 a composite number?
False
Is 4971 composite?
True
Is 35603 composite?
False
Is 10597 composite?
False
Is 93923 a prime number?
True
Is 54101 a prime number?
True
Is 751 prime?
True
Is 77381 prime?
False
Is 2533 a composite number?
True
Is 287285 prime?
False
Is 1098707 a prime number?
True
Is 22613 a composite number?
False
Is 2455529 composite?
False
Is 16673 a prime number?
True
Is 1070573 a composite number?
True
Is 787 a prime number?
True
Is 40735 composite?
True
Is 61657 a prime number?
True
Is 2369173 a prime number?
True
Is 1255 a prime number?
False
Is 134413 composite?
True
Is 4389447 composite?
True
Is 259409 prime?
False
Is 9643 prime?
True
Is 821 prime?
True
Is 16217 a prime number?
True
Is 312799 composite?
False
Is 8285 a prime number?
False
Is 18743 a composite number?
False
Is 102761 a prime number?
True
Is 3687 composite?
True
Is 79657 a prime number?
True
Is 7477 composite?
False
Is 3907 composite?
False
Is 3687 composite?
True
Is 1858 a composite number?
True
Is 84947 composite?
False
Is 641 a composite number?
False
Is 3223 composite?
True
Is 268942 prime?
False
Is 393485 a prime number?
False
Is 44221 prime?
True
Is 412831 a composite number?
False
Is 2477 a composite number?
False
Is 514619 a composite number?
True
Is 13263 a composite number?
True
Is 20369 composite?
False
Is 23431 prime?
True
Is 36077 composite?
True
Is 1547153 a composite number?
True
Is 116845 a prime number?
False
Is 334813 a composite number?
True
Is 737591 composite?
False
Is 1607083 a composite number?
False
Is 804587 a prime number?
False
Is 1405127 prime?
True
Is 194899 a composite number?
False
Is 9427 prime?
False
Is 2773 a prime number?
False
Is 468509 prime?
True
Is 17531 a composite number?
True
Is 44507 prime?
True
Is 9862 a composite number?
True
Is 37381 composite?
True
Is 142 prime?
False
Is 25453 a composite number?
False
Is 70753 a prime number?
True
Is 1181 a prime number?
True
Is 743741 prime?
False
Is 12979 a prime number?
True
Is 147097 prime?
True
Is 613 prime?
True
Is 25391 composite?
False
Is 987191 prime?
True
Is 588767 prime?
True
Is 18583 composite?
False
Is 586805 composite?
True
Is 226847 composite?
True
Is 5981 prime?
True
Is 30145 a prime number?
False
Is 9571 composite?
True
Is 3433 composite?
False
Is 1067213 a prime number?
False
Is 1371 composite?
True
Is 112951 a composite number?
False
Is 106201 a composite number?
True
Is 1151 composite?
False
Is 360637 prime?
True
Is 173245 a prime number?
False
Is 8439379 composite?
True
Is 223823 a prime number?
True
Is 1469 a composite number?
True
Is 6046 composite?
True
Is 1024357 a composite number?
False
Is 9509 prime?
False
Is 1251743 composite?
False
Is 234851 composite?
False
Is 163193 composite?
False
Is 141997 a composite number?
True
Is 4471 composite?
True
Is 691 a prime number?
True
Is 119 prime?
False
Is 13291 prime?
True
Is 118787 composite?
False
Is 1247773 a composite number?
True
Is 244703 prime?
True
Is 762653 prime?
True
Is 38543 a composite number?
False
Is 23207 prime?
False
Is 14441 composite?
True
Is 336893 prime?
False
Is 649851 prime?
False
Is 320797 a prime number?
False
Is 17809 composite?
True
Is 1028389 composite?
False
Is 123307 composite?
False
Is 263681 composite?
True
Is 15